. Suppose -v*j + 22 = -118. What is the remainder when 39 is divided by j?
11
Suppose -3*m - 18 = -0*l - l, 2*m = 5*l - 103. Suppose 0 = 2*g + 2*y + 75 - 237, -75 = -g + 2*y. Calculate the remainder when g is divided by l.
16
Let f(d) = -576*d - 3433. What is the remainder when 1211 is divided by f(-6)?
15
What is the remainder when 10044 is divided by (-3)/(-12)*(-11 + (11916/12 - 2))?
244
Let y = -1736 - -1792. What is the remainder when 402 is divided by y?
10
Let a(f) = -f**3 + 12*f**2 - 11*f + 9. Suppose 6 = 3*j + 3. Let o be ((-2)/j)/(8/(-44)). Calculate the remainder when 42 is divided by a(o).
6
Suppose 605*r - 59100 = 585*r. What is the remainder when r is divided by 58?
55
Let b be 24/18 + -3 + 22/6. Suppose 5*l - p = -239 + 884, -b*p - 394 = -3*l. Calculate the remainder when l is divided by 44.
40
Let u(g) = -g**3 - 2*g**2 - g - 3. Let l(w) = -w - 78 - 3*w**2 - w**3 + 36 + 40. Let x(t) = -3*l(t) + 2*u(t). What is the remainder when 44 is divided by x(-4)?
8
Let o = 42 - 273. Let y = o + 238. Suppose -l = -8 - 10. Calculate the remainder when l is divided by y.
4
Suppose 0 = 4*r - 5*q - 332, 4*q - 45 + 381 = 4*r. Suppose 298 = 10*l + r. What is the remainder when 79 is divided by l?
16
Let m(v) = -32*v. Let q(c) = -21*c**3 + 3*c**2 + 21*c + 19. Calculate the remainder when m(-4) is divided by q(-1).
18
Suppose -11*j + 196 = -288. Let k be 0 + (-3 - -6 - 1). Suppose k*b + 0*b = 438. Calculate the remainder when b is divided by j.
43
Calculate the remainder when (128/(-5))/(2/(-10)) is divided by (-215)/(17/((-357)/105)).
42
Calculate the remainder when (-30)/80 - (-4819)/8 is divided by 38.
32
Suppose 4*r + 2*o - 5*o - 198 = 0, 0 = -4*r + o + 194. Let y = -239 + 427. Calculate the remainder when y is divided by r.
44
Suppose 2*a + 2*a - 8 = 0. Suppose -t + 186 = a*t. Let q(d) = d**2 - 39*d + 406. What is the remainder when t is divided by q(17)?
30
Let y(r) = 5*r**2 + 8*r + 33. Suppose 3*a + 25 - 1 = 0. Let v be y(a). Suppose 0*u + 3*u + 4*p = v, u + 4*p = 91. What is the remainder when u is divided by 25?
24
Suppose -2*n + 128 = w, 3*n + 2*w - 128 = n. Let i = n + -50. Calculate the remainder when (136*1 - 2)/2 is divided by i.
11
Let f = 12330 - 12317. Suppose -3*q - 2*q = -5*b + 65, 65 = 5*b - 4*q. What is the remainder when f is divided by b?
0
Let f(p) = 31*p**2 - 14*p + 6. Calculate the remainder when f(-5) is divided by 142.
141
Let w(k) = -3*k**3 - 203*k**2 - 140*k - 230. What is the remainder when 509 is divided by w(-67)?
165
Let d be (-55)/(-10) + 1/(-2). Let q(w) = -5*w - w + 9*w + 4 - 4*w**2 + d*w**2. What is the remainder when 47 is divided by q(-4)?
7
Let r = -198 + 220. Suppose -874 = -23*y - 0*y. What is the remainder when y is divided by r?
16
Let w be 5/(-25)*5 - 275. Let y = w + 506. What is the remainder when y is divided by 60?
50
Suppose 0*u = -4*u - 40. Let r(t) be the first derivative of -t**3/3 - 9*t**2 - 13*t - 147. What is the remainder when r(u) is divided by 14?
11
Let g = -5417 - -5436. Calculate the remainder when 183 is divided by g.
12
Let x(k) = 50*k - 36. Let y be x(5). Let q = -180 + y. Let f(u) = 19*u**2 - u - 6. What is the remainder when f(-3) is divided by q?
32
Suppose 4*o = -5*v + 30, v + 4*o = -o + 6. What is the remainder when v is divided by (-47)/(-7) - (-1200)/(-1680)?
0
Let s = -2903 - -2911. Let r = -54 - -109. Calculate the remainder when r is divided by s.
7
Let l = -38971 - -40493. Calculate the remainder when l is divided by 754.
14
Let t(q) = -2*q**2 - 32*q + 45. Calculate the remainder when 2317 is divided by t(-17).
7
Let p = 145 + -63. Let x(g) be the third derivative of 7*g**4/12 - 8*g**3 - 49*g**2. What is the remainder when p is divided by x(5)?
16
Let l be -3 - -2 - (-2 + 4). What is the remainder when ((-3)/(-2))/(l/(-174)) is divided by (-73)/146*(-60 + 0) - 0?
27
Suppose 5*p + 44*p + 96*p - 4930 = 0. Suppose 15 = k + 4*k. Suppose -3*i - 2*i + 19 = k*w, 17 = w - i. Calculate the remainder when p is divided by w.
8
Let u be 55/(-22)*(-44)/(-10). Let t(p) = p**3 + 12*p**2 + 8*p - 6. What is the remainder when t(u) is divided by 7?
6
Suppose 5*h - 58 = 3*h. Let t = h + -15. Let z(w) = 2*w**2 - 15*w + 5. Calculate the remainder when z(10) is divided by t.
13
Let y(p) = -p**3 + 2*p**2 + 5*p + 3. Let f be y(3). Let i be f/3 - (-1 + -29). Suppose 35*a = i*a + 26. What is the remainder when a is divided by 5?
3
What is the remainder when 248 is divided by 102*21/(-12)*28/(-98)?
44
Suppose -2*f = -5*g + 1036, f - 16 = 2*g - 430. Let y = -326 - -345. Calculate the remainder when g is divided by y.
18
Suppose 0 = 3*b - 3953 - 3445. Suppose -6 = -2*a, -b = -4*y + 2*a - 756. What is the remainder when y is divided by 54?
51
Let d = 12074 - 11932. What is the remainder when 543 is divided by d?
117
Suppose -15*b + 570 + 210 = 0. What is the remainder when 1455 is divided by b?
51
Let m(z) = -5*z**2 - 75*z + 96. Let p(x) = 2*x**2 + 25*x - 32. Let f(k) = -3*m(k) - 8*p(k). Calculate the remainder when f(18) is divided by 49.
45
Let w = -197 - -889. Let f = w + -554. What is the remainder when f is divided by 16?
10
Let p = -3893 - -9589. What is the remainder when p is divided by 19?
15
Calculate the remainder when (47288/(-322))/((-1)/77) is divided by 8.
4
Suppose 3*z + 836 = -1204. Let f(o) = o**3 + 7*o**2 - 4*o + 8. Calculate the remainder when f(-6) is divided by (-16252)/z - 2/(-20).
20
Suppose -d - 4*r + 132 = 0, 3*d - 5*r - 633 = -d. Suppose 211*b - 44*b - 334 = 0. Suppose 6*s - d = -b*s. Calculate the remainder when 94 is divided by s.
18
Let x(c) = c**3 + 29*c**2 + 48*c + 28. Let w be x(-27). Let p = 200 - w. What is the remainder when 26 is divided by p?
6
Let v(j) = 169*j + 6790. What is the remainder when v(-37) is divided by 178?
3
Suppose -g + 39 = -60. Let t = 232 + -228. Suppose -p - t*p = 2*w - 35, 0 = 5*w + p - g. Calculate the remainder when 57 is divided by w.
17
Let s = 154 + -30. Suppose -s = 5*f - 9*f. Let x = f + -6. What is the remainder when 71 is divided by x?
21
Let i = 13214 + -12840. What is the remainder when i is divided by 131?
112
Let u = -500 - -1148. Suppose -5*w = -u + 243. Let j = -56 + w. What is the remainder when 73 is divided by j?
23
Calculate the remainder when 2075 is divided by (1440/135)/(10/195).
203
Let s(u) = 112*u + 1133. What is the remainder when s(-5) is divided by 28?
13
Suppose 5*d = 4*c + 3473, 50*c + 2143 = 3*d + 55*c. What is the remainder when d is divided by 351?
350
Let a(z) = -204*z - 1. Let i(c) = -5*c + 26. Let y be i(5). Let n be (-18)/15 + 0 - y/(-5). What is the remainder when a(n) is divided by 41?
39
Suppose 0*u - 143487 = -447*u. Calculate the remainder when 13801 is divided by u.
319
Suppose -8*x = -6*x - 8. Suppose h = -5*j + 45, -j + 34 - x = -4*h. What is the remainder when 45 is divided by j?
5
Let a = 7 - -6. Let p = a + -4. What is the remainder when p is divided by (72/(-20))/(16/(-40))?
0
Let n(b) = -b**3 - 7*b**2 + 5*b - 10. Let k = -11 + 3. What is the remainder when 95 is divided by n(k)?
11
Suppose 236*y = 241*y - 305. Suppose 43 - 19 = 3*g. What is the remainder when y is divided by g?
5
Suppose 0 = -5*f + 201 + 194. Suppose 0 = -2*k + p + f, 12*k = 13*k + 3*p - 36. Calculate the remainder when k is divided by 11.
6
What is the remainder when 140 - -23 - (-18 + 1) is divided by 13?
11
Suppose 33*m - 62*m + 7854 = 22*m. What is the remainder when 1077 is divided by m?
153
Let a(v) = v**3 - 10*v**2 - 204*v - 19. Let u = 15 + 13. Let n = u - 17. What is the remainder when a(-10) is divided by n?
10
Suppose -3303 = -c - 3221. Calculate the remainder when c is divided by 70.
12
Let j(t) = 4*t**3 + t**2 + 9*t + 4. Calculate the remainder when 331 is divided by j(3).
35
Let r be (-672)/(-15) + (-1)/(-5). Let x = -40 + r. Suppose 3*s - 664 = -x*s. What is the remainder when s is divided by 12?
11
Let q(j) = 8*j + 119. Let n be q(-8). Suppose p = h - 4*p - n, -p - 65 = -2*h. What is the remainder when 148 is divided by h?
28
What is the remainder when (328/(-6))/(-8 - (-44)/(-6)*-1) is divided by 62?
20
Suppose 5*k = -d + 40, -14 = 4*k - 5*d - 75. Let r(f) = f**3 + 6*f**2 - f - 4. What is the remainder when r(4) is divided by k?
8
Suppose -599 - 1781 = -4*c - 4*i, 3*c - 1777 = 5*i. Suppose c = -56*g + 78*g.